Last updated on 2025-07-06 10:49:42 CEST.
Flavor | Version | Tinstall | Tcheck | Ttotal | Status | Flags |
---|---|---|---|---|---|---|
r-devel-linux-x86_64-debian-clang | 0.5.2 | 1.83 | 124.71 | 126.54 | OK | |
r-devel-linux-x86_64-debian-gcc | 0.5.2 | 1.48 | 82.74 | 84.22 | OK | |
r-devel-linux-x86_64-fedora-clang | 0.5.2 | 263.10 | OK | |||
r-devel-linux-x86_64-fedora-gcc | 0.5.2 | 185.52 | OK | |||
r-devel-windows-x86_64 | 0.5.2 | 6.00 | 193.00 | 199.00 | OK | |
r-patched-linux-x86_64 | 0.5.2 | 2.07 | 103.88 | 105.95 | OK | |
r-release-linux-x86_64 | 0.5.2 | 1.62 | 105.34 | 106.96 | OK | |
r-release-macos-arm64 | 0.5.2 | 86.00 | OK | |||
r-release-macos-x86_64 | 0.5.2 | 168.00 | OK | |||
r-release-windows-x86_64 | 0.5.2 | 5.00 | 189.00 | 194.00 | OK | |
r-oldrel-macos-arm64 | 0.5.2 | 107.00 | OK | |||
r-oldrel-macos-x86_64 | 0.5.2 | 237.00 | OK | |||
r-oldrel-windows-x86_64 | 0.5.2 | 2.00 | 8.00 | 10.00 | ERROR |
Version: 0.5.2
Check: whether package can be installed
Result: ERROR
Installation failed.
Flavor: r-oldrel-windows-x86_64